{"id":1808,"date":"2022-12-28T19:55:14","date_gmt":"2022-12-28T19:55:14","guid":{"rendered":"https:\/\/academiaangelus.com\/caridad\/?page_id=1808"},"modified":"2022-12-28T19:55:15","modified_gmt":"2022-12-28T19:55:15","slug":"yanet-duran","status":"publish","type":"page","link":"https:\/\/academiaangelus.com\/caridad\/inicio\/yanet-duran\/","title":{"rendered":"Yanet Dur\u00e1n"},"content":{"rendered":"\n<p class=\"has-black-color has-text-color\">Me gradu\u00e9 en la Lic. de Ing. Qu\u00edmica y ejerc\u00ed una temporada. Tambi\u00e9n me desempe\u00f1\u00e9 como instructora y asistente educativo en distintos colegios privados.<\/p>\n\n\n\n<p class=\"has-black-color has-text-color\">Gracias a mi mam\u00e1; tuve inter\u00e9s por los temas hol\u00edsticos-alternativos, especialmente la Astrolog\u00eda, comenc\u00e9 a estudiar en 2012 y desde entonces vivo observando el movimiento de los astros.<\/p>\n\n\n\n<p class=\"has-black-color has-text-color\">Actualmente la astrolog\u00eda es uno de los saberes que nos permiten conectar con el ritmo de los ciclos; me ha funcionado como una herramienta de autoconocimiento y he comprobado que m\u00e1s all\u00e1 de predecir; sirve para observar la energ\u00eda disponible; es una hermosa conexi\u00f3n. Al tener un mapa\/gu\u00eda podemos caminar con una mirada o perspectiva distinta ante las circunstancias de la Vida. Tengamos presente que por encima de las \u00abtendencias astrol\u00f3gicas\u00bb est\u00e1 la voluntad humana; para tomar y meditar nuestras decisiones de manera consciente.<\/p>\n\n\n\n<p class=\"has-black-color has-text-color\">En 2017 creo Compartiendo Universos con la finalidad de poner los temas astrol\u00f3gicos al alcance de tus manos; de una forma simple y pr\u00e1ctica.<\/p>\n\n\n\n<p class=\"has-black-color has-text-color\">2017-2019 colaboradora en el Proyecto Conciencia.<\/p>\n\n\n\n<p class=\"has-black-color has-text-color\">En 2019 sale nuestra primer agenda: Anuario lunar 2020, tu sinfon\u00eda astral.<\/p>\n\n\n\n<p class=\"has-black-color has-text-color\">He aportado en la vida de las personas con diversos estudios astrol\u00f3gicos, los m\u00e1s solicitados son: carta natal, tr\u00e1nsitos, revoluci\u00f3n solar, eclipses, lunas y gemoastrolog\u00eda.<\/p>\n\n\n\n<p class=\"has-black-color has-text-color\">Durante 4 a\u00f1os, en alianza con Marco Texon; hemos compartido charlas, clases, cursos y talleres en distintas ciudades como Puebla, Veracruz, CdMx, Xalapa e igualmente de modo virtual.<\/p>\n\n\n\n<p class=\"has-black-color has-text-color\">Complementario a \u00e9sto he tomado cursos de: \u00c1ngeles, Tarot, Womb Blessing\u00ae\u200b \u200b, Nivel 1 de Aura-Soma\u200b\u00ae\u200b, M\u00e9todo Cyclopea\u200b\u00ae\u200b, Autointerpretaci\u00f3n de sue\u00f1os, UCDM\u00ae\u200b \u200b.<\/p>\n\n\n\n<blockquote class=\"wp-block-quote is-layout-flow wp-block-quote-is-layout-flow\">\n<p class=\"has-black-color has-text-color\">Constantemente me sorprendo por la sinton\u00eda que existe entre el Cielo y la Tierra, me fascina el mensaje de los astros y para m\u00ed \u00a1Es un placer compartirlo!<\/p>\n<\/blockquote>\n\n\n\n<p class=\"has-black-color has-text-color\">Whatsapp: <a href=\"https:\/\/api.whatsapp.com\/send?phone=522281193667&amp;text=Hola+Compartiendo+Universos\" target=\"_blank\" rel=\"noreferrer noopener\">22 81 19 36 67<\/a><\/p>\n\n\n\n<p class=\"has-black-color has-text-color\">Instagram: <a href=\"https:\/\/www.instagram.com\/compartiendo_universos\/\" target=\"_blank\" rel=\"noreferrer noopener\">@compartiendo_universos<\/a><\/p>\n\n\n\n<p class=\"has-black-color has-text-color\">YouTube: <a href=\"https:\/\/www.youtube.com\/channel\/UCwQu0DsNXF75cq3sfwgNxFQ\" target=\"_blank\" rel=\"noreferrer noopener\">Compartiendo Universos By Yanet Dur\u00e1n<\/a><\/p>\n","protected":false},"excerpt":{"rendered":"<p>Me gradu\u00e9 en la Lic. de Ing. Qu\u00edmica y ejerc\u00ed una temporada. Tambi\u00e9n me desempe\u00f1\u00e9 como instructora y asistente educativo en distintos [&hellip;]<\/p>\n","protected":false},"author":1,"featured_media":1332,"parent":5,"menu_order":3,"comment_status":"closed","ping_status":"closed","template":"","meta":{"footnotes":""},"class_list":["post-1808","page","type-page","status-publish","has-post-thumbnail","hentry"],"_links":{"self":[{"href":"https:\/\/academiaangelus.com\/caridad\/wp-json\/wp\/v2\/pages\/1808","targetHints":{"allow":["GET"]}}],"collection":[{"href":"https:\/\/academiaangelus.com\/caridad\/wp-json\/wp\/v2\/pages"}],"about":[{"href":"https:\/\/academiaangelus.com\/caridad\/wp-json\/wp\/v2\/types\/page"}],"author":[{"embeddable":true,"href":"https:\/\/academiaangelus.com\/caridad\/wp-json\/wp\/v2\/users\/1"}],"replies":[{"embeddable":true,"href":"https:\/\/academiaangelus.com\/caridad\/wp-json\/wp\/v2\/comments?post=1808"}],"version-history":[{"count":1,"href":"https:\/\/academiaangelus.com\/caridad\/wp-json\/wp\/v2\/pages\/1808\/revisions"}],"predecessor-version":[{"id":1809,"href":"https:\/\/academiaangelus.com\/caridad\/wp-json\/wp\/v2\/pages\/1808\/revisions\/1809"}],"up":[{"embeddable":true,"href":"https:\/\/academiaangelus.com\/caridad\/wp-json\/wp\/v2\/pages\/5"}],"wp:featuredmedia":[{"embeddable":true,"href":"https:\/\/academiaangelus.com\/caridad\/wp-json\/wp\/v2\/media\/1332"}],"wp:attachment":[{"href":"https:\/\/academiaangelus.com\/caridad\/wp-json\/wp\/v2\/media?parent=1808"}],"curies":[{"name":"wp","href":"https:\/\/api.w.org\/{rel}","templated":true}]}}

Yanet Durán

<p class="has-black-color has-text-color">Me gradué en la Lic. de Ing. Química y ejercí una temporada. También me desempeñé como instructora y asistente educativo en distintos colegios privados.</p>



<p class="has-black-color has-text-color">Gracias a mi mamá; tuve interés por los temas holísticos-alternativos, especialmente la Astrología, comencé a estudiar en 2012 y desde entonces vivo observando el movimiento de los astros.</p>



<p class="has-black-color has-text-color">Actualmente la astrología es uno de los saberes que nos permiten conectar con el ritmo de los ciclos; me ha funcionado como una herramienta de autoconocimiento y he comprobado que más allá de predecir; sirve para observar la energía disponible; es una hermosa conexión. Al tener un mapa/guía podemos caminar con una mirada o perspectiva distinta ante las circunstancias de la Vida. Tengamos presente que por encima de las «tendencias astrológicas» está la voluntad humana; para tomar y meditar nuestras decisiones de manera consciente.</p>



<p class="has-black-color has-text-color">En 2017 creo Compartiendo Universos con la finalidad de poner los temas astrológicos al alcance de tus manos; de una forma simple y práctica.</p>



<p class="has-black-color has-text-color">2017-2019 colaboradora en el Proyecto Conciencia.</p>



<p class="has-black-color has-text-color">En 2019 sale nuestra primer agenda: Anuario lunar 2020, tu sinfonía astral.</p>



<p class="has-black-color has-text-color">He aportado en la vida de las personas con diversos estudios astrológicos, los más solicitados son: carta natal, tránsitos, revolución solar, eclipses, lunas y gemoastrología.</p>



<p class="has-black-color has-text-color">Durante 4 años, en alianza con Marco Texon; hemos compartido charlas, clases, cursos y talleres en distintas ciudades como Puebla, Veracruz, CdMx, Xalapa e igualmente de modo virtual.</p>



<p class="has-black-color has-text-color">Complementario a ésto he tomado cursos de: Ángeles, Tarot, Womb Blessing®​ ​, Nivel 1 de Aura-Soma​®​, Método Cyclopea​®​, Autointerpretación de sueños, UCDM®​ ​.</p>



<blockquote class="wp-block-quote is-layout-flow wp-block-quote-is-layout-flow">
<p class="has-black-color has-text-color">Constantemente me sorprendo por la sintonía que existe entre el Cielo y la Tierra, me fascina el mensaje de los astros y para mí ¡Es un placer compartirlo!</p>
</blockquote>



<p class="has-black-color has-text-color">Whatsapp: <a href="https://api.whatsapp.com/send?phone=522281193667&amp;text=Hola+Compartiendo+Universos" target="_blank" rel="noreferrer noopener">22 81 19 36 67</a></p>



<p class="has-black-color has-text-color">Instagram: <a href="https://www.instagram.com/compartiendo_universos/" target="_blank" rel="noreferrer noopener">@compartiendo_universos</a></p>



<p class="has-black-color has-text-color">YouTube: <a href="https://www.youtube.com/channel/UCwQu0DsNXF75cq3sfwgNxFQ" target="_blank" rel="noreferrer noopener">Compartiendo Universos By Yanet Durán</a></p>

<p>Me gradué en la Lic. de Ing. Química y ejercí una temporada. También me desempeñé como instructora y asistente educativo en distintos [&hellip;]</p>
